{"id":133,"date":"2016-05-10T03:48:21","date_gmt":"2016-05-10T03:48:21","guid":{"rendered":"http:\/\/konkurs-zlota11.sarp.warszawa.pl\/?page_id=2"},"modified":"2019-06-21T11:27:29","modified_gmt":"2019-06-21T09:27:29","slug":"sample-page","status":"publish","type":"page","link":"http:\/\/konkurs-plock.sarp.warszawa.pl\/index.php\/sample-page\/","title":{"rendered":"O konkursie"},"content":{"rendered":"<p><strong>Gmina-Miasto P\u0142ock oraz Oddzia\u0142 Warszawski Stowarzyszenia Architekt\u00f3w Polskich zapraszaj\u0105 do udzia\u0142u w dwuetapowym konkursie studialno-realizacyjnym na projekt koncepcyjny budynku sali koncertowej wraz z zagospodarowaniem placu Nowy Rynek w P\u0142ocku.<\/strong><\/p>\n<p>Konkurs jest konkursem studialno-realizacyjnym (tj. na podstawie, kt\u00f3rego zostanie wykonana dokumentacja projektowa, stanowi\u0105ca podstaw\u0119 do realizacji Inwestycji) i dwuetapowym. Zakres opracowania konkursowego zosta\u0142 opisany w Rozdziale II, pkt. 2. Regulaminu. Uczestnicy konkursu sk\u0142adaj\u0105 wnioski o dopuszczenie do udzia\u0142u w konkursie. Organizator dopuszcza do udzia\u0142u w Konkursie i zaprasza do sk\u0142adania opracowa\u0144 studialnych Etapu I (Etap I konkursu) Uczestnik\u00f3w konkursu spe\u0142niaj\u0105cych wymagania okre\u015blone w Regulaminie. Po wyborze w Etapie I przez S\u0105d konkursowy nie wi\u0119cej ni\u017c pi\u0119\u0107 (5) najlepszych opracowa\u0144 studialnych, Uczestnicy konkursu, kt\u00f3rych opracowania studialne wybrano zostaj\u0105 dopuszczeni do dalszego udzia\u0142u w Konkursie i zaproszeni do sk\u0142adania prac konkursowych Etapu II (Etap II konkursu).<\/p>\n<p>Zadaniem konkursu jest wy\u0142onienie, poprzez weryfikacj\u0119 i ocen\u0119 zgodnie z zasadami Regulaminu, najlepszej koncepcji do opracowania kompletnej dokumentacji projektowej umo\u017cliwiaj\u0105cej realizacj\u0119 inwestycji. Uczestnik konkursu, kt\u00f3rego prac\u0119 S\u0105d Konkursowy uzna za najlepsz\u0105, zostanie zaproszony do negocjacji w trybie zam\u00f3wienia z wolnej r\u0119ki. Przedmiotem negocjacji b\u0119dzie uszczeg\u00f3\u0142owienie pracy konkursowej polegaj\u0105ce na opracowaniu Dokumentacji projektowej.<\/p>\n<p><strong>Przedmiotem konkursu jest:<\/strong><\/p>\n<p><strong>a)<\/strong> Cze\u015b\u0107 studialna (Etap I konkursu):<\/p>\n<p>W Etapie I konkursu Uczestnik musi przedstawi\u0107 opracowanie studialne obejmuj\u0105ce koncepcj\u0119 budynku Sali koncertowej oraz zagospodarowania placu Nowy Rynek wraz z pasa\u017cem Vuka Karad\u017cica i terenami przyleg\u0142ymi.<\/p>\n<p>Do Uczestnika konkursu w Etapie I nale\u017cy w szczeg\u00f3lno\u015bci opracowanie studialnej koncepcji zawieraj\u0105cej:<\/p>\n<p>&#8211; zagospodarowanie terenu uwzgl\u0119dniaj\u0105ce r\u00f3\u017cnorodne mo\u017cliwo\u015bci u\u017cytkowania placu, pasa\u017cu i teren\u00f3w przyleg\u0142ych,<\/p>\n<p>&#8211; propozycj\u0119 kierunk\u00f3w przekszta\u0142ce\u0144 lub uzupe\u0142nie\u0144 zabudowy na terenach przyleg\u0142ych do placu i pasa\u017cu,<\/p>\n<p>&#8211; koncepcj\u0119 rozwi\u0105za\u0144 komunikacyjnych, w tym w zakresie ruchu pieszego, rowerowego i samochodowego, uwzgl\u0119dniaj\u0105c\u0105 r\u00f3wnie\u017c powi\u0105zanie terenu opracowania z i teren\u00f3w s\u0105siednich,<\/p>\n<p>&#8211; koncepcj\u0119 rozwi\u0105za\u0144 w zakresie parkowania uwzgl\u0119dniaj\u0105c\u0105 lokalizacj\u0119 miejsc postojowych przyulicznych oraz gara\u017cu wielostanowiskowego,<\/p>\n<p>&#8211; propozycj\u0119 bry\u0142y, wst\u0119pnych rozwi\u0105za\u0144 elewacji oraz dyspozycji przestrzennych i programu funkcjonalno-u\u017cytkowego budynku sali koncertowej.<\/p>\n<p><strong>b)<\/strong> Cze\u015b\u0107 realizacyjna (Etap II konkursu):<\/p>\n<p>W Etapie II konkursu Uczestnik musi przedstawi\u0107 koncepcj\u0119 b\u0119d\u0105c\u0105 rozwini\u0119ciem rozwi\u0105za\u0144 z poprzedniego etapu zawieraj\u0105c\u0105:<\/p>\n<p>&#8211; szczeg\u00f3\u0142ow\u0105 koncepcj\u0119 architektoniczn\u0105 obiektu sali koncertowej,<\/p>\n<p>&#8211; szczeg\u00f3\u0142ow\u0105 koncepcj\u0119 zagospodarowania placu Nowy Rynek,<\/p>\n<p>&#8211; szczeg\u00f3\u0142ow\u0105 koncepcj\u0119 architektoniczn\u0105 gara\u017cu wielopoziomowego.<\/p>\n<p>Zakres opracowania zosta\u0142 podzielony na zakres studialny (Etap I konkursu) oraz zakres realizacyjny (Etap II konkursu).<\/p>\n<p>Obszar obj\u0119ty konkursem zosta\u0142 wskazany na graficznym Za\u0142\u0105czniku nr 10a do Regulaminu. Cz\u0119\u015b\u0107 studialna (Etap I konkursu) obejmuje obszar oko\u0142o 9,24 ha, natomiast obszar Etapu II Konkursu to oko\u0142o 2,96 ha (w ramach tego obszaru nale\u017cy zlokalizowa\u0107 obiekt sali koncertowej i gara\u017c podziemny). Zamawiaj\u0105cy dopuszcza rozszerzenie obszaru opracowania okre\u015blonego w Etapie I konkursu, je\u015bli Uczestnik uzna, za zasadne powi\u0105za\u0107 przestrzennie z nowym zagospodarowaniem obszar wykraczaj\u0105cy poza ustalone Regulaminem granice.<\/p>\n<p>Za\u0142o\u017cenia i wytyczne do konkursu oraz zakres obiekt\u00f3w i element\u00f3w zagospodarowania zar\u00f3wno dla Etapu I jak i Etapu II zawiera Za\u0142\u0105cznik nr 10b do Regulaminu.<\/p>\n","protected":false},"excerpt":{"rendered":"<p>Gmina-Miasto P\u0142ock oraz Oddzia\u0142 Warszawski Stowarzyszenia Architekt\u00f3w Polskich zapraszaj\u0105 do udzia\u0142u w dwuetapowym konkursie studialno-realizacyjnym na projekt koncepcyjny budynku sali koncertowej wraz z zagospodarowaniem placu Nowy Rynek w P\u0142ocku. Konkurs jest konkursem studialno-realizacyjnym (tj. na podstawie, kt\u00f3rego zostanie wykonana dokumentacja<span class=\"ellipsis\">&hellip;<\/span><\/p>\n<div class=\"read-more\"><a href=\"http:\/\/konkurs-plock.sarp.warszawa.pl\/index.php\/sample-page\/\">Czytaj wi\u0119cej <span class=\"screen-reader-text\">O konkursie<\/span><span class=\"meta-nav\"> &#8250;<\/span><\/a><\/div>\n<p><!-- end of .read-more --><\/p>\n","protected":false},"author":1,"featured_media":0,"parent":0,"menu_order":0,"comment_status":"closed","ping_status":"open","template":"","meta":[],"_links":{"self":[{"href":"http:\/\/konkurs-plock.sarp.warszawa.pl\/index.php\/wp-json\/wp\/v2\/pages\/133"}],"collection":[{"href":"http:\/\/konkurs-plock.sarp.warszawa.pl\/index.php\/wp-json\/wp\/v2\/pages"}],"about":[{"href":"http:\/\/konkurs-plock.sarp.warszawa.pl\/index.php\/wp-json\/wp\/v2\/types\/page"}],"author":[{"embeddable":true,"href":"http:\/\/konkurs-plock.sarp.warszawa.pl\/index.php\/wp-json\/wp\/v2\/users\/1"}],"replies":[{"embeddable":true,"href":"http:\/\/konkurs-plock.sarp.warszawa.pl\/index.php\/wp-json\/wp\/v2\/comments?post=133"}],"version-history":[{"count":2,"href":"http:\/\/konkurs-plock.sarp.warszawa.pl\/index.php\/wp-json\/wp\/v2\/pages\/133\/revisions"}],"predecessor-version":[{"id":208,"href":"http:\/\/konkurs-plock.sarp.warszawa.pl\/index.php\/wp-json\/wp\/v2\/pages\/133\/revisions\/208"}],"wp:attachment":[{"href":"http:\/\/konkurs-plock.sarp.warszawa.pl\/index.php\/wp-json\/wp\/v2\/media?parent=133"}],"curies":[{"name":"wp","href":"https:\/\/api.w.org\/{rel}","templated":true}]}}